test common divisor of 34017754 and 282.
94
Calculate the highest common divisor of 27960621 and 1849.
43
What is the greatest common divisor of 24325168 and 170968?
3976
Calculate the highest common divisor of 144 and 115411671.
9
Calculate the greatest common divisor of 872 and 121656.
8
Calculate the highest common divisor of 10049 and 360347.
13
Calculate the greatest common factor of 565243002 and 1566.
1566
Calculate the greatest common factor of 182476 and 1010821.
2401
Calculate the highest common factor of 956 and 34515902.
478
Calculate the highest common factor of 350835 and 99921.
57
What is the greatest common divisor of 20691954 and 999?
333
Calculate the highest common divisor of 2850 and 29940675.
1425
Calculate the greatest common divisor of 16165 and 2519355.
265
What is the greatest common factor of 13894182 and 18?
18
What is the greatest common divisor of 801987 and 2714?
1357
What is the highest common divisor of 936088 and 952?
136
What is the highest common factor of 45216900 and 756?
108
What is the greatest common divisor of 566536 and 2070?
46
What is the highest common factor of 6717116 and 77959?
2107
Calculate the highest common factor of 49541 and 643570.
463
What is the highest common factor of 2453901 and 6342?
453
Calculate the greatest common divisor of 276 and 21741486.
138
Calculate the greatest common divisor of 43070 and 2109250.
590
What is the greatest common divisor of 70518 and 830886?
3066
What is the greatest common divisor of 504576 and 120231?
1971
What is the highest common factor of 65156190 and 135?
15
Calculate the highest common divisor of 1108520 and 1119755.
3745
What is the greatest common factor of 111948 and 80028?
228
What is the greatest common factor of 5487328 and 1216?
32
Calculate the greatest common factor of 328851 and 10919.
61
What is the highest common factor of 315456 and 2015?
31
What is the highest common divisor of 4039 and 317723?
7
What is the highest common divisor of 402 and 60277890?
402
Calculate the highest common factor of 438992 and 512.
16
Calculate the greatest common factor of 86681 and 125599.
1769
Calculate the greatest common divisor of 275047678 and 1934.
1934
What is the greatest common factor of 990 and 3068685?
45
What is the highest common divisor of 188 and 5771741?
47
Calculate the highest common divisor of 23 and 346379494.
23
What is the greatest common factor of 1126665600 and 320?
320
What is the greatest common factor of 24 and 593916576?
24
What is the highest common factor of 455 and 3850938?
91
Calculate the highest common divisor of 30058741 and 38.
19
What is the highest common divisor of 186180 and 241512?
348
What is the greatest common factor of 5356 and 54012582?
2678
What is the greatest common divisor of 205390 and 3303720?
4370
Calculate the greatest common factor of 645 and 52444563.
129
What is the greatest common divisor of 414 and 7194699?
207
Calculate the greatest common divisor of 71205 and 1987074.
303
Calculate the highest common divisor of 3259309 and 93248.
1457
What is the highest common factor of 1203 and 23510229?
1203
Calculate the highest common factor of 2 and 65999131.
1
What is the greatest common divisor of 45928 and 95053737?
5741
Calculate the greatest common divisor of 1036 and 2404388.
28
Calculate the greatest common factor of 8018 and 314217402.
8018
Calculate the greatest common divisor of 2709 and 245315.
301
Calculate the highest common factor of 1833720 and 501795.
6195
What is the highest common divisor of 26960 and 53440?
80
What is the highest common factor of 2547912 and 1752?
24
Calculate the highest common factor of 6 and 1937526.
6
What is the highest common factor of 2269719 and 29151?
369
Calculate the greatest common factor of 147632 and 22656.
16
Calculate the highest common factor of 3462 and 54420909.
1731
Calculate the highest common divisor of 36 and 79272252.
36
Calculate the highest common factor of 1045 and 10104865.
95
What is the greatest common factor of 602355 and 832?
13
Calculate the highest common divisor of 2114370 and 198.
18
What is the greatest common factor of 6276735 and 16515?
45
Calculate the highest common divisor of 70 and 80235.
5
What is the highest common factor of 1296 and 117502272?
432
What is the highest common factor of 10547335 and 214965?
1405
What is the highest common factor of 47903296 and 98?
14
Calculate the highest common divisor of 4020 and 8351085.
15
What is the highest common divisor of 15140223 and 1512?
189
Calculate the highest common divisor of 5536 and 185975.
173
Calculate the greatest common factor of 22872615 and 285.
15
What is the greatest common divisor of 2856 and 12565992?
408
What is the greatest common factor of 3632208 and 620?
124
What is the highest common factor of 44 and 60446164?
4
What is the greatest common divisor of 30 and 6081560?
10
What is the greatest common factor of 11056 and 10242002?
1382
What is the highest common factor of 5054089 and 332584?
5939
What is the greatest common divisor of 2265660 and 6560?
820
Calculate the highest common factor of 36236642 and 611.
13
What is the highest common factor of 669 and 424251033?
669
Calculate the greatest common factor of 42161436 and 108.
36
What is the highest common factor of 19560595 and 3778?
1889
What is the greatest common factor of 63874967 and 65?
13
Calculate the highest common factor of 2716 and 29435.
7
What is the highest common factor of 27580 and 315?
35
Calculate the highest common divisor of 178162 and 388842.
458
Calculate the greatest common divisor of 1024 and 39634528.
32
Calculate the greatest common divisor of 23587433 and 118.
59
Calculate the greatest common factor of 2358 and 4908177.
1179
What is the greatest common factor of 135 and 10328415?
15
What is the highest common divisor of 425486 and 14592?
38
What is the greatest common factor of 119420389 and 22?
11
What is the highest common factor of 37375 and 930488?
299
What is the greatest common divisor of 369359536 and 7?
7
What is the greatest common factor of 477773 and 133988?
1763
Calculate the highest common factor of 10 and 6120710.
10
What is the greatest common factor of 851 and 2436487?
37
Calculate the greatest common factor of 937146 and 119.
7
What is the highest common factor of 42456154 and 71?
71
Calculate the greatest common divisor of 221 and 21844797.
13
What is the greatest common divisor of 1081 and 17846511?
47
Calculate the highest common divisor of 77050779 and 7572.
1893
Calculate the greatest common divisor of 88490454 and 17082.
5694
What is the highest common factor of 34107570 and 875?
35
What is the greatest common factor of 92260832 and 3480?
232
What is the highest common factor of 1146343 and 403259?
4531
What is the highest common factor of 26342856 and 453?
453
What is the highest common divisor of 66856 and 651480?
488
What is the greatest common divisor of 4214 and 9656338?
86
Calculate the greatest common factor of 160923 and 197589.
2037
Calculate the highest common factor of 1512 and 23201829.
189
What is the greatest common factor of 4093495 and 219240?
1015
What is the greatest common divisor of 634380731 and 292?
73
What is the greatest common divisor of 18733500 and 34040?
460
What is the greatest common divisor of 178 and 1157022250?
178
Calculate the greatest common factor of 720 and 936540.
180
Calculate the greatest common divisor of 677495 and 63245.
455
What is the greatest common divisor of 735 and 691209?
3
What is the highest common factor of 21126836 and 668?
668
What is the greatest common factor of 397560 and 3380?
20
Calculate the greatest common divisor of 76356680 and 2110.
2110
What is the greatest common divisor of 11554686 and 2106?
234
What is the highest common divisor of 531 and 480915?
9
What is the highest common divisor of 175195 and 135421?
947
Calculate the greatest common divisor of 7966 and 2282.
14
Calculate the greatest common divisor of 2847511 and 9709.
1387
What is the greatest common divisor of 3610 and 17002378?
722
What is the greatest common divisor of 2008 and 52144?
8
Calculate the greatest common divisor of 51458246 and 56.
14
Calculate the highest common factor of 5280 and 100656160.
1760
Calculate the highe